2 - j*o**2 + 1 - 2*o. Give f(-2).
3
Let q(k) = -k**2 + 6*k - 10. Suppose 0 = 5*y - 9*y + 12. What is q(y)?
-1
Let g be (-2)/(-2) - (-1 - -15). Suppose -l = 5*p - 99, -2*p + l + 0*l = -34. Let o = g + p. Let n(y) = y**3 - 5*y**2 - 6*y - 6. Calculate n(o).
-6
Let p(q) = 14*q**2 - q**3 - 14*q**2 - q + 9. Let d be 1*(1 + -6 + 3 + 2). What is p(d)?
9
Let f(g) be the third derivative of g**5/60 + 3*g**4/8 + 19*g**3/6 - 697*g**2. What is f(-4)?
-1
Let i = -360 + 350. Let d(b) = -b**3 - 9*b**2 + 8*b - 9. Calculate d(i).
11
Let j(v) = 3*v + 2. Suppose 4*g - 24 + 0 = 0. Let o be -2*g + 0/2. Let s be 8/o + 33/9. Give j(s).
11
Let c = 70 - 55. Suppose -5*i = -33 + 8. Suppose 3*r + 5*f + 0*f = -35, -i*f - c = -r. Let m(v) = -v**2 - 6*v + 3. Determine m(r).
8
Let f(x) = -x**3 - 3*x**2 + 3*x - 3. Suppose -28 = 6*y + y. Let b be f(y). Let t(i) = 10*i**2 + 2*i - 1. Determine t(b).
11
Let s be 6*3/6 + (2 - -1). Suppose -22 - 13 = -5*t. Let q(j) = -3*j - j**2 + 7*j + t - j. Give q(s).
-11
Let f(w) = -w**3 - 4*w**2 - 2*w - 1. Let h be f(-3). Let x(n) be the second derivative of -n**4/12 - 2*n**3/3 - n**2 - 8*n. Give x(h).
-2
Let g(j) = j**2 - 8*j - 3. Let s = 428 + -419. Give g(s).
6
Suppose 5*g - 6 = 2*k, -g = -0*g + k - 4. Let q(d) = 2*d**2 + 2*d**2 - 5*d**g + 2 + d + 1. Calculate q(0).
3
Suppose -8*m - 659 = -819. Let u(v) = v**2 - 21*v + 12. Calculate u(m).
-8
Let x(r) = r - 4. Let f be x(8). Let j be (6/f)/((-9)/(-24)). Let y(i) = 0*i + i - 2*i + 0*i + 0 + 2. Give y(j).
-2
Suppose -y - 4 = -3*i, -2*i + 5*y = -5*i - 20. Let o(c) = i + 100*c + 1 - 103*c. Give o(1).
-2
Let p(z) be the first derivative of -7/2*z**2 - 1/3*z**3 - 18 - 5*z. Determine p(-7).
-5
Suppose -34 = -4*y - 6. Let h(m) = m**2 - 6*m - 12. Let s be h(y). Let v(x) = -x**2 - 7*x - 1. Give v(s).
9
Let h(g) be the first derivative of g - g**2 - 32 - 4/3*g**3. What is h(-2)?
-11
Suppose 0 = -3*z + 3, 5 = -4*m - 2*z + 3*z. Let w(l) = 9*l**3 - l - 1. What is w(m)?
-9
Let v(n) be the second derivative of -1/20*n**5 - 7/6*n**3 + 0 + n + 1/2*n**4 + 7/2*n**2. Let r be (-19)/(-4) - 26/(-104). Calculate v(r).
-3
Let w(b) = 8*b**2 - 7*b - 6. Let u(g) = 11*g**2 - 4*g - 5. Let z(j) = 3*u(j) - 4*w(j). Calculate z(-15).
-6
Let z = 2 + 0. Let g(s) = 7*s**2 - 5*s**2 - 5*s + 9*s + z. What is g(-2)?
2
Let x(r) = 2*r**2 - 25*r - 3. Let y(p) = 2*p**2 - 13*p - 32. Let f be y(9). Calculate x(f).
10
Let d(o) = -19*o - 1 - 3*o - 5*o + 2 - 4*o. Determine d(-1).
32
Suppose -4*m - 3*c = -21, -2*m + 26 - 8 = 4*c. Suppose n = m*n + 6. Let v(y) = 233*y + 0 - 3 - 235*y. What is v(n)?
3
Let l(d) = d + 7. Let o be l(-4). Let p(b) be the first derivative of -2 + 8 - o + b**2 - 1 + 6*b. Give p(-4).
-2
Suppose -24 = l - 4*l. Suppose 4*a = -24 + l. Let f(b) = 5*b + 3. Let k(w) = -12*w - 7. Let i(y) = 14*f(y) + 6*k(y). Calculate i(a).
8
Let k = 235 + -233. Let o(g) = g**2 - 2*g + 1. What is o(k)?
1
Let g(q) = -q**3 + 8*q**2 - 11*q - 20. Let r(u) = -u**3 + 7*u**2 - 11*u - 21. Let h(v) = 7*g(v) - 6*r(v). What is h(13)?
12
Let g be -12 - (-13 + (8 - -2)). Let t(q) = q**2 + 5*q - 29. Determine t(g).
7
Let k(w) = 5*w + 2*w**2 - 8 - 2*w**2 + 10 + w**2. Determine k(-4).
-2
Let o = -1387 + 1386. Let z(g) = -13*g - 6. What is z(o)?
7
Let o(x) = -3 - 8 + 1 + 7 + 5*x + 2. Let g(k) = k + 1. Suppose -2*y - 2*y + 12 = 0. Let j be g(y). What is o(j)?
19
Suppose 3*p + 3 = -5*j - 7, -3*p = 0. Let h(o) = -o - 7. Let x(v) = 2*v + 20. Suppose 6*u - 9*u = -51. Let w(n) = u*h(n) + 6*x(n). Calculate w(j).
11
Let i(m) = -2*m + 1. Let x(l) = -1. Let n(z) = -i(z) + 2*x(z). Let r(o) = -1 + 5 - 3 - 40*o - 2*o**2 + 1. Let a be r(-20). Determine n(a).
1
Let a(o) = -o + 11. Suppose 2*h = 5*t - 23 - 22, 0 = -4*t + 4*h + 48. What is a(t)?
4
Let z(h) = -7*h**3 - 6*h**2 - 16*h - 26. Let p(i) = 20*i**3 + 16*i**2 + 45*i + 76. Let b(o) = -6*p(o) - 17*z(o). Give b(6).
-2
Let c(g) be the third derivative of g**5/30 - g**4/8 - g**3/3 - 2*g**2 - 224*g. Give c(-2).
12
Let t(n) = 20*n - 56 + 158 - 49 - 52. What is t(1)?
21
Let n(v) be the first derivative of v**2/2 + 5*v - 12. Let x be n(-8). Let m(p) = 6*p. What is m(x)?
-18
Let z(b) = -4*b - 9. Let h be z(-3). Let t(l) = -l - 1. Let p(q) = 8*q - 2. Let j(v) = h*t(v) - p(v). Calculate j(-1).
10
Let x be 5/(-25) - (36/(-5) - 1). Let q(t) = 4*t + x*t + 1 - 2*t**2 - 13*t. Give q(-2).
-5
Let k(z) = 3*z**2 - 4*z + 1. Let h be k(3). Suppose l + 0*l = h. Let p(a) = -15 - l + 23 - a - a**2. Give p(0).
-8
Let z(c) be the second derivative of c**4/6 - 2*c**3/3 + c**2 + 76*c. Suppose 0 = -b - 0*b + 2. Calculate z(b).
2
Let a = 19 - 16. Let x be a/((27/6)/3). Suppose 3*j + x = 20. Let n(m) = m**2 - 7*m + 7. Determine n(j).
1
Suppose -100*i + 26 = -98*i. Let q = -5 + 16. Let w = q - i. Let h(f) = 4*f. Give h(w).
-8
Let c(g) = -23. Let n(w) = w**2 - 4. Let r(q) = -c(q) - n(q). What is r(0)?
27
Let p(h) = h + 7. Suppose 6*j - 46 + 58 = 0. Let r(g) = -g + 0*g + 0*g - 6. Let v(q) = j*r(q) - 3*p(q). What is v(-6)?
-3
Let c(q) = -q. Let z be 372/11 - 10/(-55). Let g be z/6 - 6/9*1. Calculate c(g).
-5
Let y(d) = -13 + d**2 - 5 - 17 + 9*d + 37. Calculate y(-6).
-16
Let y(u) = 2*u**2 - u - 3. Let b be y(2). Let k(i) = 6 - 8*i + 41*i**b - 25*i**3 + 9*i**2 - 17*i**3. Give k(8).
6
Let a be ((-9)/(-6))/(6/(-24)). Let z(o) = o**2 + 8*o. What is z(a)?
-12
Let u(h) be the first derivative of -h**3/3 + 7*h**2/2 + 3*h - 187. Give u(10).
-27
Let u(z) = -4*z + 2*z + 15*z**2 - 4*z**2 + 3*z + 1. Suppose 2*j - 7*j = -45. Suppose y - 5 = 4*l + 2, 2*l = -5*y - j. Determine u(y).
11
Let f(z) = -z**2 - z. Suppose -14*s = -15*s + 1. Let o(x) = x**3 - 9*x**2 - 2*x + 1. Let k(d) = s*o(d) - 5*f(d). What is k(3)?
1
Let d(g) = 5*g**3 - 73*g**2 + 76*g + 118. Let k(s) = s**3 - 18*s**2 + 19*s + 29. Let t(q) = -2*d(q) + 9*k(q). What is t(-17)?
-9
Suppose 60 - 140 = 10*s. Let v(u) = -u**2 - 11*u - 31. What is v(s)?
-7
Let i(j) be the second derivative of -j**5/20 - j**4/12 + j**3/3 + j**2/2 + j. Let d be (-2 - -4 - 6)/((-27 + 7)/(-10)). Give i(d).
1
Let w(h) = -5*h + 21. Let r be w(5). Let o(l) = -l**3 - 5*l**2 - 6*l - 5. Calculate o(r).
3
Let z(d) = 9*d + 0*d**2 - 2*d + d**2. Let a be z(-7). Let i(v) = a*v - 2*v + 5*v - v + 3. Determine i(-4).
-5
Let y = -11 + 14. Suppose -5*i = -y*s - 8, 4*i = 3*i - 5*s - 4. Suppose 2*g + 9 = -i. Let z(v) = -v + 2. Determine z(g).
7
Let r(s) = 37*s - 17*s - 28 - 17*s. Let y be r(11). Let t(b) = -b**2 + 4*b + 7. Calculate t(y).
2
Let m(n) = n**3 - 3*n**2 + 3*n. Let k be m(2). Let d = -1 + k. Let r(z) = 8*z + 12. Let i(w) = 4*w + 5. Let x(a) = -5*i(a) + 2*r(a). Give x(d).
-5
Suppose 139*j = 140*j. Let z(s) be the third derivative of j*s - 1/3*s**3 + 2*s**2 + 0 - 1/6*s**4 - 1/30*s**5. Determine z(-2).
-2
Let m = 5 + -6. Let x(p) = -16*p - 1 - 2 + 33*p - 13*p + 4. What is x(m)?
-3
Let n(p) = -1 + 3*p + 22*p**2 - 5*p**2 + 2 + 2*p**3 - 14*p**2. Suppose 2*c + 3*u = -10, -4*u = -3*c + 5 - 3. Give n(c).
-9
Let u(v) be the third derivative of -v**6/120 + v**5/20 - v**4/8 - v**2. Let x = -9 - -23. Suppose -n + y + 2 = 0, -4*n - 5*y + x = -n. Calculate u(n).
-9
Let i(k) be the first derivative of -k**6/90 + k**5/120 - k**4/24 + 2*k**3 + 9. Let h(u) be the third derivative of i(u). Calculate h(1).
-4
Let k(l) be the second derivative of -4*l - 2/3*l**4 + 1/6*l**3 - 1/20*l**5 + 0 + 7/2*l**2. What is k(-8)?
-1
Let j(m) = 58*m + 0 + 10 + 3 - 60*m. Determine j(12).
-11
Let v(w) = w**2 + 15*w + 5. Let k be v(-7). Let d = 47 + k. Let n(s) = s**3 + 6*s**2 + 2*s + 1. What is n(d)?
25
Let r(x) = -x**3 + 5*x**2 + x. Let p = 12 + -16. Let d be (-1)/(-1) - p*1. What is r(d)?
5
Let f(q) = -4*q**3 + 10*q**2 + 4. Let y(o) = 11*o**3 - 28*o**2 + o - 11. Let i(t) = 8*f(t) + 3*y(t). Determine i(3).
-1
Let j(f) = 11*f**2 - 9*f + 5. Let h(v) = -9*v**2 + 7*v - 5. Let k(r) = 5*h(r) + 4*j(r). What is k(6)?
-47
Let p be (20/30)/((-2)/15). Let l(w) = w**3 + 5*w**2 - 5. Let g be l(p). Let b(h) = 0*h + 1 + 7 + h. Calculate b(g).
3
Let w(f) = f**3 + 6*f**2 - 8*f - 5. Let y(z) = -z**3 + 9*z**2 - 10*z + 11. Let u be y(8). Suppose -5*n - 27 + 17 = 0. Let s = u + n. Give w(s).
2
Let l(a) = 12 - 5*a - 2 - 11 - a**2. Determine l(-3).
5
Let h(o) = -2 + 0 + 5*o + 50*o**3 - 51*o**3 + 3*o**2. Give h(4).
2
Suppose -f - 5*f + 192 = 0. Let h = f - 31. Let t(r) = r**2 - 1. What is t(h)?
0
Le